{"id":792,"date":"2023-07-19T14:52:47","date_gmt":"2023-07-19T12:52:47","guid":{"rendered":"https:\/\/sigeo.cerege.fr\/?page_id=792"},"modified":"2023-07-19T14:52:47","modified_gmt":"2023-07-19T12:52:47","slug":"mentions-legales","status":"publish","type":"page","link":"https:\/\/sigeo.cerege.fr\/?page_id=792","title":{"rendered":"Mentions l\u00e9gales"},"content":{"rendered":"\n<h2 class=\"wp-block-heading\">OSU Institut Pyth\u00e9as<\/h2>\n\n\n\n<p>Technop\u00f4le de l\u2019Arbois-M\u00e9diterran\u00e9e<br>BP80, CEDEX 04<br>13545 Aix-en-Provence<br>France<\/p>\n\n\n\n<p>+33 4 13 94 91 00<\/p>\n\n\n\n<ul class=\"wp-block-list\">\n<li>Directeur&nbsp;de la publication : Jean-Luc Beuzit<\/li>\n\n\n\n<li>Directeur de la r\u00e9daction : Jules Fleury<\/li>\n<\/ul>\n\n\n\n<h2 class=\"wp-block-heading\">H\u00e9bergeur<\/h2>\n\n\n\n<p>Service Informatique de l\u2019OSU Institut Pyth\u00e9as<\/p>\n\n\n\n<h2 class=\"wp-block-heading\">Mentions l\u00e9gales<\/h2>\n\n\n\n<p><strong>Clause de non-responsabilit\u00e9<\/strong><br>La responsabilit\u00e9 de l\u2019OSU Institut Pyth\u00e9as ne peut, en aucune mani\u00e8re, \u00eatre engag\u00e9e quant au contenu des informations figurant sur ce site ou aux cons\u00e9quences pouvant r\u00e9sulter de leur utilisation ou interpr\u00e9tation.<\/p>\n\n\n\n<p><strong>Propri\u00e9t\u00e9 intellectuelle<\/strong><br>Le site l\u2019OSU Institut Pyth\u00e9as est une \u0153uvre de cr\u00e9ation, propri\u00e9t\u00e9 exclusive de l\u2019OSU Institut Pyth\u00e9as, prot\u00e9g\u00e9 par la l\u00e9gislation fran\u00e7aise et internationale sur le droit de la propri\u00e9t\u00e9 intellectuelle. Aucune reproduction ou repr\u00e9sentation ne peut \u00eatre r\u00e9alis\u00e9e en contravention avec les droits de l\u2019OSU Institut Pyth\u00e9as issus de la l\u00e9gislation susvis\u00e9e.<\/p>\n\n\n\n<p><strong>Liens hypertextes<\/strong><br>La mise en place de liens hypertextes par des tiers vers des pages ou des documents diffus\u00e9s sur le site de l\u2019OSU Institut Pyth\u00e9as, est autoris\u00e9e sous r\u00e9serve que les liens ne contreviennent pas aux int\u00e9r\u00eats de l\u2019OSU Institut Pyth\u00e9as, et, qu\u2019ils garantissent la possibilit\u00e9 pour l\u2019utilisateur d\u2019identifier l\u2019origine et l\u2019auteur du document.<\/p>\n","protected":false},"excerpt":{"rendered":"<p>OSU Institut Pyth\u00e9as Technop\u00f4le de l\u2019Arbois-M\u00e9diterran\u00e9eBP80, CEDEX 0413545 Aix-en-ProvenceFrance +33 4 13 94 91 00 H\u00e9bergeur Service Informatique de l\u2019OSU Institut Pyth\u00e9as Mentions l\u00e9gales Clause de non-responsabilit\u00e9La responsabilit\u00e9 de l\u2019OSU Institut Pyth\u00e9as ne peut, en aucune mani\u00e8re, \u00eatre engag\u00e9e quant au contenu des informations figurant sur ce site ou aux cons\u00e9quences pouvant r\u00e9sulter de leur &hellip; <a href=\"https:\/\/sigeo.cerege.fr\/?page_id=792\" class=\"more-link\">Continue reading<span class=\"screen-reader-text\"> &#8220;Mentions l\u00e9gales&#8221;<\/span><\/a><\/p>\n","protected":false},"author":10,"featured_media":0,"parent":0,"menu_order":0,"comment_status":"closed","ping_status":"closed","template":"","meta":{"footnotes":""},"class_list":["post-792","page","type-page","status-publish","hentry"],"_links":{"self":[{"href":"https:\/\/sigeo.cerege.fr\/index.php?rest_route=\/wp\/v2\/pages\/792","targetHints":{"allow":["GET"]}}],"collection":[{"href":"https:\/\/sigeo.cerege.fr\/index.php?rest_route=\/wp\/v2\/pages"}],"about":[{"href":"https:\/\/sigeo.cerege.fr\/index.php?rest_route=\/wp\/v2\/types\/page"}],"author":[{"embeddable":true,"href":"https:\/\/sigeo.cerege.fr\/index.php?rest_route=\/wp\/v2\/users\/10"}],"replies":[{"embeddable":true,"href":"https:\/\/sigeo.cerege.fr\/index.php?rest_route=%2Fwp%2Fv2%2Fcomments&post=792"}],"version-history":[{"count":1,"href":"https:\/\/sigeo.cerege.fr\/index.php?rest_route=\/wp\/v2\/pages\/792\/revisions"}],"predecessor-version":[{"id":793,"href":"https:\/\/sigeo.cerege.fr\/index.php?rest_route=\/wp\/v2\/pages\/792\/revisions\/793"}],"wp:attachment":[{"href":"https:\/\/sigeo.cerege.fr\/index.php?rest_route=%2Fwp%2Fv2%2Fmedia&parent=792"}],"curies":[{"name":"wp","href":"https:\/\/api.w.org\/{rel}","templated":true}]}}